 of r(11)?
False
Suppose -5*j = 5*r - 15, -3*r + r - 5*j = 0. Suppose -2*u = -4*t + 3*t + 74, 2*t + r*u = 121. Is 25 a factor of t?
False
Suppose -2*v - 6 = 0, -2*m + 141 = -v - 52. Does 23 divide m?
False
Suppose -5*n + 350 = 4*p, 2*n + 2*p = -n + 208. Does 11 divide n?
True
Suppose 255 = 3*g + 3*r, -3*g + 3*r = -g - 170. Is g a multiple of 18?
False
Suppose 2*d - 62 = -5*r + d, 0 = 2*r + 5*d - 11. Does 3 divide r?
False
Let t be (-1)/(-3) - (-5)/3. Let q be 0/(t*1/(-2)). Suppose -4*p - v + 43 = q, 3*p = -2*p - 4*v + 62. Does 5 divide p?
True
Suppose 2*o = 4*k - 20, 3*o = -4*k + 36 - 16. Suppose 0*x + 4*i + 38 = 3*x, o = -3*x - i + 28. Suppose x = 2*y - 12. Is y a multiple of 8?
False
Let k(z) = z**3 - 9*z**2 + 19*z + 3. Is 38 a factor of k(7)?
True
Suppose 4*f - 140 = -10*f. Does 6 divide f?
False
Let a = 57 + 87. Does 16 divide a?
True
Suppose 5*c - 69 = -g, -g + 78 = -2*c - 2*c. Suppose 4*v - 54 = g. Does 16 divide v?
True
Suppose 3*r + 4*w = 34, 4*r - r - 4*w = 26. Let p = 3 + r. Is p a multiple of 13?
True
Suppose 19*d - 17*d + 3*z - 379 = 0, -3*d = 3*z - 576. Is 24 a factor of d?
False
Suppose 4*m = 370 - 70. Suppose -87 = -3*b + m. Is 12 a factor of b?
False
Let g(i) = 4*i + 2. Let s be g(-2). Let k be (-417)/s - (-1)/2. Suppose -2*q + 0*q - 4*r = -k, 3*r = 2*q - 42. Does 10 divide q?
False
Let w(k) = -22*k + 4. Let m be w(-3). Let t be (-2 - (m + 3)) + -2. Let y = t + 108. Does 18 divide y?
False
Let k be (-38)/(-6) + (-1)/3. Let u be (-1 - 27/(-6))*k. Suppose p + u = r, 8 = -2*r + p + 53. Is r a multiple of 9?
False
Suppose -3*r + 5 = 8, -10 = -4*z + 2*r. Suppose 0 = -5*p - 5*n + 5, z = -p - 2*n - 0*n. Suppose -p*t - 3 = -15. Is 2 a factor of t?
False
Is 27 a factor of 1 + -1 + 1 + 1 + 25?
True
Suppose v = -3*f + 11, 2*v - 2*f - f + 5 = 0. Suppose 0*q + 49 = 2*q + y, v = 2*y. Does 12 divide q?
True
Suppose -52 = 3*h - 316. Is 21 a factor of h?
False
Suppose -3*x + 6 = 0, -3*t = -x - 2*x. Suppose -b + 22 = f, -30 = -b + 5*f - t. Does 8 divide b?
False
Let c = 5 + 3. Let l = 30 + c. Does 19 divide l?
True
Let s = 43 - 23. Does 3 divide 14/5 + 4/s?
True
Let j = 41 + 17. Does 12 divide j?
False
Let r(v) = v**3 + 11*v**2 + 7*v - 12. Is r(-10) a multiple of 6?
True
Let h be (-1 - -149)*(-3)/2. Let r = h - -386. Let k = r + -105. Does 22 divide k?
False
Let j = -7 + 10. Suppose -48 - 33 = -j*m. Does 16 divide m?
False
Suppose t = c + 4, -3*c - 5*t = 4 + 8. Let w be (-170)/c - 2/4. Suppose v = 4*v - w. Is v a multiple of 14?
True
Suppose 31 = i - 44. Is 25 a factor of i?
True
Let s(n) be the second derivative of n**4/12 + n**3/6 + n**2 - n. Let v be s(0). Suppose -13 = -3*z + v*z. Is z a multiple of 12?
False
Let x(n) = n + 2. Let y be x(2). Suppose -y*p - 70 = -6*p - 2*t, 0 = -2*p - 4*t + 64. Let j = p + -9. Is j a multiple of 8?
False
Let b = -39 - -57. Let n = 29 - b. Is 8 a factor of n?
False
Suppose 0 = -5*c + a - 495, -c + 56 = a + 155. Let r = -194 - c. Let z = r - -134. Is 15 a factor of z?
False
Suppose i + 0*i = 0. Suppose i = -5*z - 4*v - 18 + 79, -5*z + v = -66. Suppose -a + 18 = -z. Does 10 divide a?
False
Let n be 34/6 + (-2)/(-6). Suppose 28 = -5*u + 253. Suppose u = -v + n*v. Is v a multiple of 9?
True
Let c(y) = 2*y**2 + 7*y + 8. Let i be c(-6). Let g = 69 - i. Is g a multiple of 15?
False
Let y(r) = -6*r**2 - 2*r - 4. Let m(u) = -5*u**2 - 2*u - 4. Let s(l) = -5*m(l) + 4*y(l). Does 27 divide s(-7)?
False
Suppose -5*y - 4*g = -g + 5, 5*y + 5*g = -15. Suppose 6 = -0*t + 2*t + y*d, 0 = -d + 1. Suppose 0 = -z - t*z + 15. Is z a multiple of 5?
True
Let b = -4 - -1. Is 7 a factor of (-4 - -3 - -31) + b?
False
Let z(h) = 5*h + 10. Let l(y) = 8*y + 25. Let j(o) = -4*o - 12. Let x(r) = -7*j(r) - 3*l(r). Let d(s) = -3*x(s) + 2*z(s). Is 5 a factor of d(-6)?
True
Is 13 a factor of ((-39)/(-5))/((-1)/(-5))?
True
Suppose c = -5*a + 126 + 329, -4*a + 365 = c. Is 25 a factor of a?
False
Let i(j) = 0*j**3 - 15 + j**3 - j**2 + 23. Does 14 divide i(4)?
True
Suppose -4*t = -u + 6*u - 494, -5*t + 638 = -4*u. Does 26 divide t?
False
Suppose 434 = 12*j - 406. Is 17 a factor of j?
False
Suppose -41 = -d + 2*j, 2*j + 2 - 10 = 0. Is d a multiple of 22?
False
Suppose 42 + 64 = 2*n. Let g = n + -23. Is g a multiple of 10?
True
Let t(u) = -213*u**3 - u**2. Is t(-1) a multiple of 46?
False
Suppose 2*b + 2*b = 0. Suppose -n - 2*n + 111 = b. Does 12 divide n?
False
Let w be ((-2)/4)/(2/12). Does 8 divide (w/6)/(2/(-112))?
False
Suppose 0 = r - 2 - 6. Does 29 divide (r - 1)*13 - 4?
True
Let s = -2 + -17. Suppose -i - 33 = -0*i. Let n = s - i. Is 5 a factor of n?
False
Let x = 626 + -415. Is 28 a factor of x?
False
Is 24 a factor of 144*(0 + 4)/8?
True
Suppose 101 = y + 4*g, 4*g + 0*g = -20. Let d be y/4 - (-5)/(-20). Suppose k + k - 3*b = d, -2*k + b + 26 = 0. Does 8 divide k?
False
Let i be (-94)/(-4) - 24/16. Suppose -2*b + 4*b - i = -4*c, -b = -c - 14. Is b a multiple of 13?
True
Does 12 divide 112/12*(-54)/(-21)?
True
Let m = -11 - -21. Is 10 a factor of m?
True
Let s = 50 + -18. Suppose 2*w = -2*w + s. Let f = 11 - w. Is f a multiple of 3?
True
Let p = 66 + 0. Is 11 a factor of p?
True
Let r = -8 + 11. Suppose -q = -2*g + 109, 159 = 4*g - g + r*q. Is g a multiple of 11?
False
Let b(m) = -m**3 - 14*m**2 - m - 11. Let k be b(-14). Suppose 0 = -2*v - 2, -k*v = 4*i + 2 - 23. Does 6 divide i?
True
Let u(a) = -2*a**2 + 4*a - 2. Let n be u(4). Let y(q) = -q**2 - 20*q + 13. Is 14 a factor of y(n)?
False
Let j(m) = -5*m + 2. Let n = -20 + 15. Is 27 a factor of j(n)?
True
Let z(d) = d + 3. Let a be z(0). Suppose -37 = -2*g - 5*c, -g - 3*g = a*c - 53. Suppose y = 4*u - 30, g = -3*u + 5*y + 42. Is u a multiple of 7?
True
Suppose -3*k + 3*i = -162, 4*i - 55 = -3*k + 93. Does 15 divide k?
False
Let o = -58 - -106. Is 8 a factor of o?
True
Let d(q) = 45*q**2 + 8*q + 9. Does 18 divide d(-2)?
False
Let f(y) = y**2 - 7*y - 3. Let n be f(7). Is 15 a factor of (21/n + 3)*-8?
False
Let i(x) = -x**2 + 8*x + 6. Let p be i(10). Is 6 + -1 + p/7 a multiple of 3?
True
Let j(x) = -x**3 + 13*x**2 - 2*x + 31. Is j(13) a multiple of 5?
True
Let y = 8 + -6. Let z be 188/36 - y/9. Suppose -21 - 4 = -z*t. Is t a multiple of 4?
False
Let o = 24 + 16. Does 7 divide o?
False
Let b = -1 + 128. Does 13 divide b?
False
Let u(h) = 99*h**2 - h. Let z be u(-1). Does 5 divide z/12 + (-2)/(-3)?
False
Let v be (206/(-6) - 0)*-6. Suppose -4*j = 4*o - 213 - 51, -5*o = 3*j - v. Suppose 0*l - j = -2*l. Is 17 a factor of l?
False
Does 14 divide (0 - 1 - 140/(-4)) + 2?
False
Suppose 0 = 3*u + i - 66, 2*u + 4*i = 21 + 23. Does 11 divide u?
True
Let x = -3 - -6. Is 12 a factor of 106*(0 - x/(-6))?
False
Suppose -4*l - 2*g = -340, -2*l - 3*l - 3*g = -425. Does 17 divide l?
True
Let l = -2 + 6. Let k(a) = a**2 - 11*a + 14. Let r be k(10). Suppose -r = l*z - 128. Is 14 a factor of z?
False
Let k = 1 + 1. Suppose d = -k*d. Let f = d - -26. Is f a multiple of 14?
False
Let n(c) = c**2 - 10*c + 20. Let u be n(8). Suppose -u*j + 5*j = 8. Is j a multiple of 3?
False
Let q(o) = o**3 - 8*o**2 + 6*o. Let m be q(7). Is (-54)/m + (-34)/(-119) a multiple of 6?
False
Let s = -26 - -256. Is 14 a factor of s?
False
Let s(p) = -p**3 + 3*p**2 + p - 2. Is 4 a factor of s(2)?
True
Is 241 + 9/3 + 1 a multiple of 7?
True
Suppose 16*t = 18*t - 66. Does 7 divide t?
False
Let s be (-1 + 1)/(2/2). Suppose 5*z - 2*z - 60 = s. Is z a multiple of 20?
True
Suppose 0*i = -2*i + 140. Is 17 a factor of i?
False
Suppose -2*c = -0*c - 10. Let b = 5 - c. Suppose b*v + 4*j = -v, 0 = 2*v + 4*j - 8. Does 8 divide v?
True
Let c(z) = 5*z + 3. Let p be c(3). Let f = p + -11. Is 7 a factor of f?
True
Let r = 2 - 2. Suppose 0 = -2*u + u. Suppose 5*q + r*q - 65 = u. Is q a multiple of 13?
True
Let n(z) be the second derivative of 17*z**3/6 - z**2/2 + z. Suppose 0 = -15*o + 18 - 3. Does 16 divide n(o)?
True
Suppose -3*x = 4*r - 4 - 7, 0 = -5*r - x + 11. Suppose r*o + 4 = 4*o. Suppose 9 = 3*j, 3*j + 150 = k + o*k. Is 18 a factor of k?
False
Let t(w) = -w**3 - 3*w**2 - 3*w - 6. Suppose o + r = 0, -r + 28 = -4*o + 8. Is 22 a factor of t(o)?
True
Let y = 121 - 60. Does 7 divide y?
False
Suppose 3*r + 1 = -5. Let l = 3 - r. Suppose -42 + 207 = l*h. Does 11 divide h?
True
Let n = -20 - -45. Is n a multiple of 5?
True
Suppose -4*v = -12 - 172. Is v a mu